6*c**2 - 10*c - 6. Let v(r) = -b(r) + 5*u(r). What is v(z)?
6
Let u(s) = -s**2 - 10*s - 22. Let g(d) = -2*d**2 - 21*d - 43. Let w be (-1)/((-1)/(-1))*(-28)/4. Let z(j) = w*u(j) - 4*g(j). What is z(-13)?
5
Let p(q) = 4*q + 9. Let w(n) = -5*n - 9. Let z(y) = 4*p(y) + 3*w(y). Let j(o) = o + 10. Let t = -4 + 9. Let h(r) = t*j(r) - 6*z(r). Give h(-3).
-1
Let r(z) = z + 8. Let w be r(-6). Suppose -w = -h + 4. Let c(d) = -307*d**2 + 145*d**2 - 2 + 5*d + 161*d**2. Calculate c(h).
-8
Let g(n) = -n**2 - 5*n + 3. Suppose -5*i + 5 = -60. Let x = -11 + i. Suppose x*s + s = -18. What is g(s)?
-3
Let a(w) = w**2. Let i(s) = -s**2 - 6*s - 3. Let x(v) = 2*a(v) + i(v). Let r = -1079 + 1086. What is x(r)?
4
Let k(o) = -4*o**2 + 2*o - 1. Let a(s) = -8*s**2 + 5*s - 3. Let p(v) = -2*a(v) + 5*k(v). Suppose 5*r + u = -u + 3, 2*u = -r + 7. Calculate p(r).
-3
Let r(a) = a**3 + a**2 - a + 2. Let v be (-22)/33*90/(-4). Suppose -v*b - 20 = -5*b. Give r(b).
0
Let q(v) = -9*v + 5. Let x(u) = 10*u - 6. Let z(o) = -7*q(o) - 6*x(o). Give z(2).
7
Let k = 4 + 0. Let l(b) = -1 - 6 + 4 + 2*b - k*b. Suppose -c + 4 - 6 = 0. Calculate l(c).
1
Let o(h) be the third derivative of -h**6/120 - h**5/15 + 7*h**4/24 - h**3/3 + 119*h**2. Calculate o(-5).
-12
Suppose 9*j = 16 + 56. Let w(p) = p**2 - 11*p + 12. Give w(j).
-12
Let v(k) be the third derivative of 2/3*k**3 - 1/30*k**5 + 0*k - 3*k**2 + 0 - 1/4*k**4. Let l be (-63)/13 + 20/(-130). What is v(l)?
-16
Let z = -1280 - -1273. Let y(w) = -2*w**2 - 9*w + 2. Determine y(z).
-33
Let k(q) = q + 21 + 19 + 24 - 67. Suppose 13 = -r - 4*l, 0*r - 3*r + 17 = -2*l. Suppose 0 = -r*s + 15. What is k(s)?
2
Let l = -509 + 511. Let b(c) = 6*c**2 + 3*c - 1. Determine b(l).
29
Suppose 0 = -q - 4 + 6. Let j(w) = w**3 + 95*w**q + 4 - 99*w**2 - 4*w + 0*w + 6*w. Calculate j(4).
12
Let n(g) = g - 1. Let l(r) = r - 14. Let x be l(15). Suppose -d + 4*c + 14 = 0, 2*c + 11 + x = d. Suppose 12*m - 4 = d*m. Determine n(m).
1
Let k(r) = -r**2 + r + 12. Let c(i) = 55*i - 165. Let g be c(3). Determine k(g).
12
Let v(j) = 10*j**3 - j**2 - 2*j - 2. Let m be v(-1). Let s(k) = -k**2 - 10*k + 8. What is s(m)?
-3
Let g(n) = -n**3 + 7*n**2 + 25*n - 150. Let x be g(8). Let q(f) = 6*f**2 + 84*f. What is q(x)?
0
Suppose 15 = 3*q, 5*j + 5*q - 37 = 2*j. Let k(v) = -4 + 3*v + 2 - v + 1. Calculate k(j).
7
Let q be 2/10*-2 + (-106)/10. Let w = q - -17. Let j(l) be the third derivative of -l**5/60 + 7*l**4/24 + l**2. Give j(w).
6
Let m(t) = -t**3 + 7*t**2 - 7*t + 7. Suppose 0*p + 3*s = 4*p - 168, -5*p + 203 = -2*s. Suppose -5*k - 2*n - n + p = 0, -5*k = -4*n - 18. What is m(k)?
1
Let j(k) = -7*k**2 + 6*k - 1. Let d(l) = -l**2 + 4*l + 2. Let w be d(8). Let s = -25 - w. Let q(f) = 3*f**2 - 3*f + 1. Let x(i) = s*q(i) + 2*j(i). What is x(4)?
7
Let c(h) = 10*h**3 + 3*h**2 - 6*h - 6. Let j(u) = -11*u**3 - 4*u**2 + 7*u + 7. Let f(v) = 7*c(v) + 6*j(v). Let m = -13 - -15. What is f(m)?
20
Let f(h) = h**3 - 6*h**2 + 4*h + 13. Let n(l) = l**3 + 12*l**2 + 11*l + 5. Let j be n(-11). What is f(j)?
8
Let s = 387 - 387. Let u(v) = v**3 + v**2 - v - 18. Calculate u(s).
-18
Let v(t) = t**3 - 10*t**2 + 9*t + 4. Suppose -90 = 6*c - 16*c. Calculate v(c).
4
Let g(d) = d**3 - 5*d**2 + d. Suppose -v + 4*x - 5*x = -6, 14 = 2*v + 4*x. Calculate g(v).
5
Let o(y) = 34*y - 6*y - 2 - 3*y - 7*y - 8*y. What is o(-1)?
-12
Suppose -196 = -4*d - 4*q, 5*d = q - 2*q + 225. Suppose 12 = 2*c - 4*v + d, 4*v = -2*c + 8. Let n(o) = -2*o - 9. Determine n(c).
3
Let w = 30 - 34. Suppose 17 = -4*i - 5*r, 0 = -3*i - 2*r - r - 9. Let u(k) = -k**2 - k**2 - 1 + k**2 + i*k**2 + 3*k. Determine u(w).
3
Let s(w) = 27*w**2 + 11*w - 24. Let l(j) = 34*j**2 + 10*j - 25. Let h(p) = 4*l(p) - 5*s(p). Determine h(13).
-6
Let t be (8/(-10))/((-7)/(-105)). Let u = -7 - t. Suppose 0 = 3*g - 3*i + 3 + 3, u*g - 4*i = -9. Let r(x) = -3*x**3 - 2*x**2 + 1. What is r(g)?
2
Suppose -64*r + 42 = -50*r. Let c(a) = -3*a + 1. Let z be c(-1). Let f(d) = -4 - d + z*d - 5*d. Calculate f(r).
-10
Let l(t) = t**2 - 14*t - 13. Let a be l(8). Let s = -58 - a. Let m(w) = -w**3 + 3*w**2 - w - 2. What is m(s)?
-5
Suppose 66 + 14 = -4*k. Let a = -25 - k. Let j(f) be the third derivative of f**4/24 - f**3/6 + 2*f**2. Calculate j(a).
-6
Let s(y) = 3*y**2 + 3*y. Suppose m - t + 1 = 0, 0 = -2*m + 6*m + 4*t - 12. Let j = m - 10. Let h be (-15)/9 + 3/j. What is s(h)?
6
Let w(k) = -k**3 + 15*k**2 + 17*k - 14. Let y = -774 - -790. Calculate w(y).
2
Let l(g) be the first derivative of g**4/4 + g**3 - g**2 - g - 65. Give l(-4).
-9
Let a(n) be the second derivative of 2*n**2 - 1/12*n**4 + 0 + 1/6*n**3 + 9*n. Determine a(3).
-2
Let t(z) be the third derivative of -z**6/60 + 11*z**5/60 + 5*z**4/24 + 7*z**3/6 - 4*z**2 + 7. Calculate t(6).
1
Let b be (1 + 0)/((-1)/11). Let z = 14 + b. Let r = 0 - z. Let x(y) = -4*y - 1. Determine x(r).
11
Let r = -537 - -540. Let t(c) = 4*c**2 - 3*c + 4. Calculate t(r).
31
Let p(d) = 2*d**2 + 30. Let u(n) = -n**2 + n**2 + 3 + 12 + n**2. Let b(x) = 4*p(x) - 7*u(x). Calculate b(0).
15
Let i(t) = -13 + 19*t - 8*t**2 - 38*t - 3*t**3 + 4*t**3 + 12*t. Calculate i(9).
5
Let d(b) = 3*b + 6. Let a(x) = 4*x + 7. Let r(l) = l**2 - 13. Let y be r(4). Let q(k) = y*d(k) - 2*a(k). Determine q(-4).
0
Suppose -8 = -0*f - f. Let k(h) = -13*h**2 + 13*h - 2. Let p(v) = 3*v**2 - v - 2. Let w(a) = -k(a) - 4*p(a). Give w(f).
2
Let i(l) = l - 20. Let o(h) = -6*h + 101. Let p(b) = 11*i(b) + 2*o(b). Give p(-8).
-10
Let v(w) = -w**2 + 2. Let f(t) = -t + 5. Let u be (-7)/((2 - 1)/(-1)). Let p be f(u). What is v(p)?
-2
Let p(h) = -h**3 + 12*h**2 + 2*h + 15. Let q = 20 + -8. Let u be p(q). Let x = u + -33. Let o(a) = -a**2 + 7*a. Give o(x).
6
Let m(d) = -32 + 3*d + 25 + 42. Calculate m(-13).
-4
Suppose -21*z - 255 = -24*z. Suppose -z = 2*c - 83. Let f(b) = -b**3. Give f(c).
1
Let u be -3*1/9*-15. Let n(b) be the first derivative of -4*b - 1/2*b**2 - 2. Calculate n(u).
-9
Suppose 23*w + 34 = 6*w. Let v(k) be the first derivative of -3*k**4/4 - k**3/3 + k**2/2 - 1. What is v(w)?
18
Let d be (-3)/(-9) + 65/(-15). Let f be d/(-3 - 21/(-9)). Let l(y) = -y**3 + 6*y**2 - y + 8. Give l(f).
2
Let o(d) = d**3 - 8*d**2 - 22*d - 2. Let s be o(9). Let i = s + 116. Let u(a) = a**2 - a - 4. Calculate u(i).
8
Suppose -5*i - 5*c + 20 = -4*c, 20 = 5*i + 2*c. Let g be 17/3 + i/(-6). Let v(d) = -d**2 + 4*d - 6. What is v(g)?
-11
Let h(a) be the first derivative of a**3/3 + 3*a**2/2 + a - 114. Give h(-5).
11
Let b be 1 - 1 - (8 + -10). Let t(p) = -2*p + 5*p - 6*p - 3 + 14*p. Determine t(b).
19
Let m(v) = v**2 + 3*v - 2*v**2 - 1 - 1 + 2*v. Let s(w) = -5*w - 7. Let y(x) = -26*x - 36. Let g(u) = -16*s(u) + 3*y(u). Let n be g(0). Calculate m(n).
2
Suppose k - 12 = -3*c, -5*c + 20 = -0*c. Let m(l) = -l**2 + l - 8. Determine m(k).
-8
Let r(a) be the second derivative of -a**5/20 + a**4/3 + a**3/6 + 5*a**2/2 - a - 17. Determine r(4).
9
Let b(w) = 81868*w**2 + w**3 - 2 - 81868*w**2. Calculate b(3).
25
Let g(y) be the third derivative of -y**6/120 + 7*y**5/60 + y**4/3 - y**3/2 - y**2 - 35. Determine g(8).
-3
Let c(z) = -z**2 + 2*z + 1. Let i be c(3). Let v(f) be the third derivative of f**6/60 - f**4/12 + 1611*f**2. Give v(i).
-12
Let b = -126 - -126. Let n(o) = -o - 24. What is n(b)?
-24
Let h = 458 + -470. Let o(x) = x**3 + 13*x**2 + 10*x - 9. Give o(h).
15
Let i(t) = -t**2 + 3*t + 2. Let d be i(5). Let g be 39/(-2)*d/6. Let c = -33 + g. Let f(j) = -j**3 - 7*j**2 - 2*j - 10. What is f(c)?
4
Let j(i) be the first derivative of 5*i - 1/12*i**4 - 5/6*i**3 - 4 - 2*i**2. Let n(b) be the first derivative of j(b). Determine n(-4).
0
Let o(d) be the first derivative of -d**4/4 - 3*d**3 - 5*d - 80. Calculate o(-9).
-5
Let f(i) = -i**2 + 12*i - 9. Let a be f(2). Let v(d) = -d**3 + 11*d**2 + 2*d - 9. Give v(a).
13
Let c(b) = -60*b**3 + 204*b**3 - 206*b**3 + 2*b**2 + b. Give c(-1).
63
Suppose m = -2*b - 3, -m = -0*m - 2*b - 9. Let s(o) = -9*o + 3. Determine s(m).
-24
Let f(o) = -5*o + 6. Suppose 0 = -2*r + 10, 28 - 11 = l + 4*r. Let x(b) = 4*b - 5. Let c(z) = l*f(z) - 4*x(z). Give c(6).
-4
Let t(f) be the first derivative of -f**2/2 - 6. Let s be t(6). Let v(d) = d - 1. What is v(s)?
-7
Let w = -41 + 49. Suppose w*o + 3 - 27 = 0. Let m(u) = -u**2 - 2. Calculate m(o).
-11
Let r(n) = 5*n - 8. Let k(z) = -2*z**2 + 2*z 